-60 + 63. Suppose -3*s = -3*m - 4*s + 75, 43 = 2*m + l*s. List the prime factors of m.
2, 13
Suppose 0 = 4*u + u - 3*p - 1106, 0 = -5*u - 3*p + 1124. Let j = -145 + u. Suppose -3*k + j = -180. What are the prime factors of k?
2, 43
Let a(p) = 577*p + 22. Let h be a(5). Suppose 0 = -6*d - 363 + h. List the prime factors of d.
2, 53
Suppose 14*f - 2667 = 7*f. Suppose 0*o - o + 5*t = -127, -5*t + f = 3*o. List the prime factors of o.
127
Suppose -33*g + 527920 = -617633 + 154266. List the prime factors of g.
3, 17, 19, 31
Suppose 4 = -s - 0*s - 4*v, -3*v + 16 = -4*s. Let j(y) = -7*y + 105. Let g be j(28). What are the prime factors of s/26 - 10024/g?
2, 5, 11
Suppose -6*h + 35201 = 5*g, -29284 = -5*h + 3*g - 0*g. List the prime factors of h.
5861
Suppose -c = -2, 3*d - d = c + 1886. Suppose -b = v - 239, 4*b - d = 3*v - 4*v. Suppose h + 146 - 6 = 3*g, 2*h + b = 5*g. What are the prime factors of g?
3, 5
Let v = 7939 - -13320. What are the prime factors of v?
7, 3037
Let u(v) be the third derivative of v**4/24 - 7*v**3/6 - 18*v**2. Let y be u(5). What are the prime factors of ((-21)/(-2))/(-7) + (-31)/y?
2, 7
Suppose q = 5*f - 2*f + 16232, -f - 48720 = -3*q. List the prime factors of q.
109, 149
Suppose 2 = -2*x, -8 = -3*o + 3*x + 13. Suppose -32 = -2*c - 5*b, -12 - o = -2*c + 2*b. Suppose 6*g - c = 85. List the prime factors of g.
2
Let f = 10419 - -1431. List the prime factors of f.
2, 3, 5, 79
Let v(z) = 30*z**2 - z - 2. Let r be v(2). Suppose 6*j + 3*a - 79 = 5*j, -3*a = -3*j + 201. Let x = r - j. What are the prime factors of x?
2, 23
Suppose -2*x + 72 = g - 2265, 2*g = 2*x + 4692. What are the prime factors of g?
3, 11, 71
Let i = 2029 + 13085. List the prime factors of i.
2, 3, 11, 229
Let i be (-7 + 5)/(6/(-39)). Let d = -11 + i. Suppose -g + 0*u - d*u = -52, u + 61 = g. List the prime factors of g.
2, 29
Let s(z) = -z**3 + 11*z**2 - 22*z - 24. What are the prime factors of s(6)?
2, 3
Suppose -5*u - 50 = -n, 8*u - 12*u - 51 = -3*n. What are the prime factors of 877 + (u - -8) + 7?
883
Suppose 0 = 2*o - 3 - 1. Suppose d + 18 = -o*p - 30, 3*d + 2*p + 124 = 0. Let x = d - -128. What are the prime factors of x?
2, 3, 5
Suppose 8*g = 14*g - 780. Suppose -4*z - 126 = 3*a, -g = 4*z - a + 6*a. List the prime factors of (z/(-4) + 2)*12/1.
2, 3, 19
Suppose -55*v - 187*v + 3095906 = 0. List the prime factors of v.
11, 1163
Let v(w) = 31*w**3 + 112*w**2 - 1394*w + 21. What are the prime factors of v(12)?
3, 17, 1039
Let m = 181 - 181. Suppose 0 = 2*q + 3*p - 1056, -3*q + 14*p - 13*p + 1584 = m. What are the prime factors of q?
2, 3, 11
Let a be 0 + (1 + 2 - (2 + -379)). Suppose -2*c = b - a, -3*b - 8*c + 1140 = -4*c. Suppose 0*o + b = 4*o. What are the prime factors of o?
5, 19
Let y(o) = 1884*o - 1597. What are the prime factors of y(8)?
5, 7, 11
Suppose -3*b + w + 157225 = 0, 104806 = 804*b - 802*b - 2*w. List the prime factors of b.
17, 3083
List the prime factors of ((-19244)/(-8) + -6)/(5/80).
2, 4799
Let n(j) = 2*j**2 - 3*j - 10. Let c be -3*(-1 - 1/3). Suppose -2*d + 14 = 2*l, 7*d - 2*d - 17 = c*l. List the prime factors of n(d).
5
Let s be 1/(8859/2214 - 4). Suppose -5*q + s = -962. List the prime factors of q.
2, 5, 17
Let c = -4003 - -4517. Let o = 4 - 2. Suppose i = -o, 4*w + c = 6*w + 3*i. List the prime factors of w.
2, 5, 13
Suppose 2*i + 116 = 1100. Suppose -d + 3185 = -14*d. Let n = d + i. List the prime factors of n.
13, 19
Suppose 30*g + 44*g = 64*g + 306260. What are the prime factors of g?
2, 15313
Let w(k) = -3*k + 4 + 3*k**2 - k + 0*k**2 - 51*k**3 - 2. Let t be w(2). Let a = -282 - t. List the prime factors of a.
2, 3, 5
Let r(i) = i**3 + 14*i**2 + 17*i + 29. Let l be r(-10). Let s = l - 149. List the prime factors of s.
2, 5, 11
What are the prime factors of ((-1350)/(-120))/15 - 213682/(-8)?
26711
Let y = 8938 - 6346. What are the prime factors of y?
2, 3
Let y be 1 + 1 + (3 - 49). Let u(o) = 24*o - 998. Let d be u(41). Let m = d - y. List the prime factors of m.
2, 3, 5
Let r = -75 + 77. Let u(j) = -4 + 3*j - 13*j - r - 2. What are the prime factors of u(-6)?
2, 13
Suppose -5*p - 3*v + 32 = 0, p - 16 = 2*v - 5*v. Suppose -1801 = -3*r + p*l, -4*r + 940 = 5*l - 1513. What are the prime factors of r?
607
Let q = -66 + -42. Let n = -112 - q. List the prime factors of (-3)/2*-2*(-4)/n.
3
Suppose -17*k + 19*k = 2*g - 14638, 29294 = 4*g - 7*k. List the prime factors of g.
71, 103
Let c = 9552 + -6754. List the prime factors of c.
2, 1399
Suppose -n - 148 = 3*n. Suppose 15*c - 4*c = 517. Let q = n + c. What are the prime factors of q?
2, 5
Let w(m) = 13*m**3 - m**2 - 11*m + 19. Let p be w(2). What are the prime factors of p - (-1 - 2) - (16 - 12)?
2, 3
Let o(i) = i**2 + 3*i - 8. Let m be o(-5). Suppose -27 = m*f + 1. Let c = f - -18. List the prime factors of c.
2
Let r(t) = -t**3 - 4*t**2 + 5*t + 3. Let p be r(-5). Suppose -4*c + 927 = p*j + 124, -177 = -c + 4*j. What are the prime factors of c?
197
Suppose -181*d + 194*d - 78 = 0. What are the prime factors of 297 - (6 - d - -3)?
2, 3, 7
Suppose 4*d - 2*x + 24 = 0, -5*d = -3*x + x + 30. Let r be 2 + -7 + (3 - d). List the prime factors of 14*2/r + (2 - 5).
2
Let v(x) = x**3 + 7*x**2 - 8*x - 19. Let p be v(-8). Let t = 393 - p. What are the prime factors of t?
2, 103
Suppose -4*r + 19 = -9. Suppose 5*q + 396 = r*q. Let h = -107 + q. What are the prime factors of h?
7, 13
Let v be (-1 - 3/4)*(-14 + 18). Let f(y) = 5*y**2 - 2*y + 25. What are the prime factors of f(v)?
2, 71
Let h(k) = 18*k**2 + 16*k - 15. What are the prime factors of h(13)?
5, 647
Let a be (2 - 4) + (4/(-2) - -2). Let o be 2/(-8)*a + (-120)/(-48). Suppose 5*q - 8*q - o*j = -192, -j - 231 = -4*q. List the prime factors of q.
59
Let b be (2/(-3))/(26/(-13221)). Suppose n = -h + b - 42, 0 = h + 2*n - 294. What are the prime factors of h?
2, 3, 5
Suppose -3*f - 31294 = -5*g, 0 = 5*g + 8*f - 6*f - 31279. List the prime factors of g.
6257
Suppose 5*l = 3*g + 125761, 5*g + 1350 - 1315 = 0. What are the prime factors of l?
2, 6287
Let i(s) be the second derivative of 35*s**4/12 + s**3/2 + s**2/2 + 6*s + 2. List the prime factors of i(-5).
3, 7, 41
Let d(f) = 14*f - 107. Let z be d(8). Suppose -c + 4*c = -5*g + 532, 2*c = z*g - 512. List the prime factors of g.
2, 13
Let n = 6118 + 899. What are the prime factors of n?
3, 2339
Let a(u) = 10323*u + 2672. List the prime factors of a(2).
2, 89, 131
Let h(v) = -2448*v + 759. List the prime factors of h(-2).
3, 5, 13, 29
Let c = 753 + 214. Suppose c - 3619 = -6*n. What are the prime factors of n?
2, 13, 17
Suppose -128*n + 1455904 = -233952. List the prime factors of n.
2, 7, 23, 41
Let m = -175 - -187. What are the prime factors of -315*(m/5 + -3)?
3, 7
Let c be (-6)/4 + 2 + 1/(-2). Suppose -5*d - 12 + 137 = c. What are the prime factors of 211/5 - 5/d?
2, 3, 7
Let k = 139 - -136. Let p = -2644 + 3711. Suppose 4*x - p = 5*v - 0*v, -k = -x + 4*v. What are the prime factors of x?
263
Let i(a) = 424*a**2 + 869*a - 29. List the prime factors of i(7).
2, 5, 2683
Suppose r - 2521 = -2*t, 4*r + 14*t - 10134 = 16*t. List the prime factors of r.
2531
Let l be (-3 + 3)/((-4)/(-5 + 1)). Let s be (1 - l) + 2*(-2 + -2). What are the prime factors of (s + -5)/(3/(-22))?
2, 11
Let l(t) = 7*t**3 + 4*t**2 + 30*t - 45. List the prime factors of l(11).
2, 3, 41
List the prime factors of (-152)/152 + 5/(5/4056).
5, 811
Suppose 0 = 5*o + 5*i - 23010 - 31090, 10816 = o - i. List the prime factors of o.
2, 3, 601
Suppose 4*g - 25 = l - 7, -7 = -l - g. Let i be -14 - -2*(-2)/(-4). What are the prime factors of (i/4)/(l/((-64)/2))?
2, 13
Let h(y) = -y**3 - 60*y**2 - 1456*y + 72. What are the prime factors of h(-37)?
17, 1321
Let s(g) = 45*g + 1. Let l be -2 + -5 + 2 + 1. Let m be (l/6)/((-8)/24). List the prime factors of s(m).
7, 13
Suppose 4*p - 35900 = 4*f, -26953 = -3*p - 7*f + 3*f. List the prime factors of p.
3, 41, 73
Let j(y) = 112*y**2 + 17*y + 94. List the prime factors of j(13).
7, 2749
Suppose 53*n - 1320168 = -14*n. What are the prime factors of n?
2, 3, 821
Let r(c) = 56*c + 6 + 48*c - 98*c + c**2. Let j be r(-4). Let x(d) = 20*d**2 + d + 2. List the prime factors of x(j).
2, 5
Suppose 929974 = -19*a + 57*a. What are the prime factors of a?
24473
Suppose -2*g + 1246 = 3*y, 6*y + g - 16